41 is divided by 2074.
429
What is the remainder when 26842023 is divided by 11078?
29
What is the remainder when 62465458 is divided by 122?
116
What is the remainder when 6543962 is divided by 901?
900
Calculate the remainder when 1224899 is divided by 408289.
32
Calculate the remainder when 118929 is divided by 143.
96
What is the remainder when 27850774 is divided by 46187?
13
Calculate the remainder when 144870 is divided by 390.
180
Calculate the remainder when 15081822 is divided by 158756.
2
What is the remainder when 100755642 is divided by 122?
112
Calculate the remainder when 202509 is divided by 4134.
4077
What is the remainder when 839099938 is divided by 4340?
4338
What is the remainder when 337285 is divided by 33728?
5
Calculate the remainder when 100052 is divided by 16609.
398
Calculate the remainder when 25971 is divided by 2882.
33
What is the remainder when 2088171 is divided by 38?
33
Calculate the remainder when 658872 is divided by 219557.
201
Calculate the remainder when 1103867 is divided by 551134.
1599
Calculate the remainder when 14343952 is divided by 131595.
97
Calculate the remainder when 1496251 is divided by 29.
25
What is the remainder when 6110591 is divided by 486?
113
What is the remainder when 34361 is divided by 619?
316
Calculate the remainder when 389262 is divided by 867.
846
What is the remainder when 3063737 is divided by 75?
62
What is the remainder when 249163 is divided by 25?
13
What is the remainder when 249585 is divided by 15501?
1569
Calculate the remainder when 1100402 is divided by 21.
2
Calculate the remainder when 145601 is divided by 337.
17
What is the remainder when 49337 is divided by 24?
17
What is the remainder when 17600172 is divided by 45?
42
Calculate the remainder when 39852160 is divided by 367.
364
Calculate the remainder when 79676274 is divided by 463.
456
Calculate the remainder when 1927815 is divided by 14.
1
What is the remainder when 276182 is divided by 276172?
10
What is the remainder when 1645359 is divided by 322?
261
What is the remainder when 29650865 is divided by 39?
23
What is the remainder when 5810778 is divided by 31?
14
What is the remainder when 2525237 is divided by 4302?
4265
Calculate the remainder when 2707729 is divided by 240.
49
What is the remainder when 112508099 is divided by 492?
491
Calculate the remainder when 5661319 is divided by 104.
79
Calculate the remainder when 1117701 is divided by 17193.
156
Calculate the remainder when 7469988 is divided by 9132.
12
What is the remainder when 245552 is divided by 14412?
548
Calculate the remainder when 168435 is divided by 141.
81
What is the remainder when 527850 is divided by 21043?
1775
What is the remainder when 3297361 is divided by 5805?
121
What is the remainder when 306804 is divided by 301626?
5178
What is the remainder when 641568995 is divided by 18?
17
What is the remainder when 5071498 is divided by 1014288?
58
Calculate the remainder when 1111247 is divided by 191.
9
What is the remainder when 782972 is divided by 11672?
948
Calculate the remainder when 546564 is divided by 2078.
50
What is the remainder when 157456 is divided by 1943?
73
Calculate the remainder when 1840051 is divided by 131431.
17
Calculate the remainder when 148076994 is divided by 360.
354
What is the remainder when 20815039 is divided by 175?
14
Calculate the remainder when 825874005 is divided by 157.
154
What is the remainder when 104469 is divided by 614?
89
Calculate the remainder when 79065 is divided by 9720.
1305
What is the remainder when 6344986 is divided by 2246?
36
What is the remainder when 113474195 is divided by 62?
59
Calculate the remainder when 113561 is divided by 28263.
509
Calculate the remainder when 58483 is divided by 2518.
569
What is the remainder when 6889534 is divided by 132491?
2
Calculate the remainder when 7783350 is divided by 353777.
256
What is the remainder when 1207018 is divided by 430?
8
What is the remainder when 934337 is divided by 934022?
315
What is the remainder when 6777205 is divided by 165?
160
What is the remainder when 653139 is divided by 4633?
4519
Calculate the remainder when 2799780 is divided by 1049.
1048
What is the remainder when 1117718189 is divided by 5090?
5089
What is the remainder when 187726670 is divided by 54?
44
Calculate the remainder when 2689412 is divided by 571.
2
Calculate the remainder when 19285289 is divided by 1642.
1641
What is the remainder when 30706541 is divided by 826?
817
Calculate the remainder when 19514014 is divided by 1560.
1534
What is the remainder when 39568 is divided by 19783?
2
What is the remainder when 4540767 is divided by 16884?
15855
What is the remainder when 562008592 is divided by 4938?
4936
What is the remainder when 1063669 is divided by 354362?
583
Calculate the remainder when 22957000 is divided by 2869625.
0
What is the remainder when 1015228 is divided by 86?
84
Calculate the remainder when 43919 is divided by 2262.
941
What is the remainder when 1348413 is divided by 126?
87
What is the remainder when 487765 is divided by 66?
25
What is the remainder when 1576858 is divided by 2904?
2890
What is the remainder when 5461466 is divided by 12613?
37
What is the remainder when 94944 is divided by 6713?
962
What is the remainder when 10673230 is divided by 180902?
12
What is the remainder when 1352418 is divided by 21?
18
What is the remainder when 10387 is divided by 342?
127
Calculate the remainder when 852823 is divided by 284234.
121
What is the remainder when 3893521 is divided by 185?
11
What is the remainder when 1938359 is divided by 6?
5
What is the remainder when 17636220 is divided by 1882?
1880
What is the remainder when 10731 is divided by 3994?
2743
Calculate the remainder when 20813 is divided by 284.
81
Calculate the remainder when 1007328 is divided by 1586.
218
Calculate the remainder when 7524470 is divided by 514.
24
What is the remainder when 340823 is divided by 337391?
3432
What is the remainder when 1118607 is divided by 5227?
29
What is the remainder when 257060237 is divided by 1928?
1925
What is the remainder when 136453 is divided by 19?
14
Calculate the remainder when 2864654 is divided by 1827.
1745
What is the remainder when 138350 is divided by 133965?
4385
Calculate the remainder when 141671122 is divided by 78.
34
Calculate the remainder when 8374566 is divided by 1395754.
42
Calculate the remainder when 340877 is divided by 47822.
6123
Calculate the remainder when 50425156 is divided by 14.
12
What is the remainder when 186563089 is divided by 29?
28
Calculate the remainder when 150095 is divided by 55.
0
Calculate the remainder when 190450 is divided by 967.
918
What is the remainder when 4284774 is divided by 87?
24
What is the remainder when 14226 is divided by 3587?
3465
Calculate the remainder when 22087002 is divided by 106.
100
What is the remainder when 31576 is divided by 7034?
3440
What is the remainder when 23132170 is divided by 1779396?
22
What is the remainder when 3703243 is divided by 53670?
13
Calculate the remainder when 451130 is divided by 341.
328
Calculate the remainder when 8849563 is divided by 514.
25
Calculate the remainder when 9641211 is divided by 964119.
21
What is the remainder when 134626 is divided by 4338?
148
What is the remainder when 41411 is divided by 20130?
1151
What is the remainder when 9473289 is divided by 4736631?
27
Calculate the remainder when 223259 is divided by 20294.
25
What is the remainder when 1387025 is divided by 4702?
4637
What is the remainder when 31021254 is divided by 287?
285
What is the remainder when 1337692 is divided by 50?
42
What is the remainder when 367752 is divided by 68?
8
What is the remainder when 105706739 is divided by 943810?
19
What is the remainder when 2168824 is divided by 361465?
34
Calculate the remainder when 818537 is divided by 640.
617
Calculate the remainder when 2074654 is divided by 50601.
13
What is the remainder when 41854 is divided by 10404?
238
What is the remainder when 10346316 is divided by 115?
111
What is the remainder when 16584 is divided by 1708?
1212
Calculate the remainder when 35697531 is divided by 461.
457
What is the remainder when 635972 is divided by 16734?
80
